(k) = -k**2 - 59*k - 233. Determine h(-49).
257
Let m(x) = -236*x - 4351. What is m(-18)?
-103
Let a(c) = -10*c**2 - 135*c - 78. Give a(-13).
-13
Let t(f) = 282*f + 1413. Give t(-5).
3
Let d(h) = -222*h - 239. Determine d(-1).
-17
Let t(q) = -q**3 - 245*q**2 - 1671*q - 1212. Calculate t(-238).
-22
Let q(n) = -48*n + 1871. Give q(39).
-1
Let r(d) = -5*d**2 - 115*d - 667. Determine r(-12).
-7
Let d(n) = 211*n + 17105. Calculate d(-81).
14
Let s(k) = 3*k**3 + 15*k**2 + 56*k + 271. Calculate s(-5).
-9
Let w(n) = -2*n**3 - 32*n**2 + 333*n - 83. Calculate w(7).
-6
Let t(z) = 58*z**2 - 464*z - 1. Determine t(8).
-1
Let k(i) = -i**2 + 5*i + 518. Determine k(-20).
18
Let w(z) = 53*z - 92. Give w(2).
14
Let p(a) = 11*a**3 + 5*a**2 - 10*a + 16. Determine p(3).
328
Let j(x) = 141*x - 2256. What is j(16)?
0
Let f(a) = 4*a**2 - 195*a + 157. What is f(49)?
206
Let m(x) = -x**3 - 6*x**2 - 6*x - 9. What is m(-4)?
-17
Let m(s) = s**2 - 18*s + 63. Give m(5).
-2
Let j(g) = -g**3 - 9*g**2 + 23*g + 16. Give j(-13).
393
Let q(v) = -v. What is q(10)?
-10
Let p(a) = 109*a + 86. What is p(-3)?
-241
Let f(o) = -o**2 + 57*o - 629. Give f(15).
1
Let l(m) = 2*m**3 - m**2 + 20*m + 20. Give l(-1).
-3
Let r(h) = 2*h**3 + 29*h**2 + 3*h - 474. Give r(-13).
-6
Let b(d) = -330*d - 9904. Calculate b(-30).
-4
Let c(s) = 371*s - 7427. Calculate c(20).
-7
Let n(d) = 33*d + 640. What is n(-40)?
-680
Let h(g) = -30630*g + 275675. Give h(9).
5
Let i(z) = -18*z + 55. Determine i(3).
1
Let i(f) = f**2 + 97*f + 1478. Calculate i(-19).
-4
Let a(r) = -r**2 - 5*r - 149. Calculate a(14).
-415
Let i(r) = 8*r**2 + 67*r + 508. Calculate i(-7).
431
Let z(i) = -i**2 - 28*i + 114. Determine z(-31).
21
Let f(i) = -4*i**2 + 432*i - 9175. Calculate f(79).
-11
Let s(w) = -w**2 - 303*w - 2354. Calculate s(-8).
6
Let c(w) = -225*w - 1352. Give c(-6).
-2
Let s(p) = 9*p**3 + 4*p**2 + 4*p + 3. What is s(-3)?
-216
Let y(k) = 18*k - 80. Calculate y(5).
10
Let i(x) = -x**2 + 54*x - 558. Determine i(44).
-118
Let u(g) = -189*g - 1703. Give u(-9).
-2
Let p(l) = l**2 - 63*l + 64. Determine p(57).
-278
Let t(w) = -2*w**2 - 41*w + 50. Determine t(0).
50
Let f(k) = -12*k + 159. Give f(12).
15
Let o(t) = 3*t**2 + 279*t - 8428. Calculate o(24).
-4
Let d(t) = -14*t**2 + 21*t - 17. What is d(2)?
-31
Let a(i) = 4*i**3 - 48*i**2 - 11*i - 13. Calculate a(12).
-145
Let x(l) = l**3 + 50*l**2 + 159*l + 861. Determine x(-47).
15
Let x(a) = -a**3 + 6*a**2 - 3*a + 6. What is x(4)?
26
Let g(t) = 11*t**2 - 405*t + 3247. What is g(25)?
-3
Let m(g) = 5*g**3 + 26*g**2 + 79*g - 8. Determine m(-6).
-626
Let k(x) = -2*x**3 - 7*x**2 + 12*x - 13. Calculate k(-5).
2
Let d(x) = -4*x + 180. Give d(46).
-4
Let s(w) = -w**3 + 32*w**2 + 29*w + 130. Give s(33).
-2
Let b(g) = g**3 + 16*g**2 + 18*g + 63. Determine b(-15).
18
Let m(r) = -r**2 - 58*r - 367. Calculate m(-51).
-10
Let c(g) = 1989*g - 11939. Calculate c(6).
-5
Let v(a) = -3*a**3 - 19*a**2 - 83*a - 13. What is v(-4)?
207
Let x(b) = 5*b**2 - 12*b + 1. Give x(-6).
253
Let o(y) = -6*y**2 - 180*y - 222. Calculate o(-29).
-48
Let i(d) = -90*d + 921. Determine i(11).
-69
Let x(u) = -3*u**2 - 24*u + 172. Calculate x(-11).
73
Let m(p) = -p**2 + 27*p - 203. What is m(10)?
-33
Let x(m) = -99*m + 7530. Give x(76).
6
Let n(r) = -r**3 + 51*r**2 + 100*r - 2240. Calculate n(52).
256
Let w(u) = 5*u**2 - 68*u - 47. Calculate w(15).
58
Let w(i) = 127*i**2 - 52*i - 52. Give w(-1).
127
Let x(b) = b - 30. What is x(52)?
22
Let d(b) = 8*b - 32. What is d(16)?
96
Let j(d) = d**3 + 23*d**2 + 6*d - 747. Give j(-21).
9
Let i(t) = -t**2 - 28*t + 1591. Calculate i(-56).
23
Let i(q) = -3*q**3 - 50*q**2 - 48*q - 242. Give i(-16).
14
Let q(p) = -2*p**2 + 22*p - 5. Calculate q(12).
-29
Let r(n) = -3*n**3 + 14*n**2 - 2*n - 142. Calculate r(0).
-142
Let x(k) = -2*k**2 - 27*k - 66. Determine x(-13).
-53
Let i(t) = t**3 + 26*t**2 + 145*t + 20. What is i(-8)?
12
Let n(z) = -z**2 - 1166*z - 2336. Determine n(-2).
-8
Let t(f) = 6*f + 102. Calculate t(-24).
-42
Let a(i) = i**2 + 288*i + 19451. Calculate a(-180).
11
Let p(k) = -42*k - 12. What is p(-3)?
114
Let w(s) = 7*s**3 - 55*s**2 - 9*s - 8. What is w(8)?
-16
Let l(g) = g**3 + 14*g**2 + 33*g + 20. Give l(-11).
20
Let d(b) = -61*b**2 + 146*b + 98. Give d(3).
-13
Let a(s) = -s**3 - 42*s**2 + 355*s - 77. Give a(7).
7
Let f(i) = 4*i**2 - 48*i + 119. What is f(4)?
-9
Let m(j) = -j**3 - 52*j**2 - 26*j - 4186. Calculate m(-53).
1
Let k(m) = -m**2 - 12*m + 112. Give k(-11).
123
Let r(c) = 1322*c - 9262. Give r(7).
-8
Let s(g) = -g**3 - 48*g**2 + 6*g + 234. Calculate s(-48).
-54
Let m(v) = -4*v**3 - 29*v**2 - v + 16. Determine m(-8).
216
Let q(b) = -191*b + 1732. Determine q(9).
13
Let n(s) = 502*s - 35657. Give n(71).
-15
Let t(n) = -n**3 - 46*n**2 + 50*n + 143. Calculate t(-47).
2
Let h(g) = g**2 - 39*g - 69. Determine h(32).
-293
Let z(y) = y**3 + y**2 + 36*y + 70. Determine z(-2).
-6
Let r(j) = -5*j**2 - 135*j - 2. What is r(-27)?
-2
Let m(k) = 12*k - 151. Give m(15).
29
Let v(u) = u**2 + 68*u - 187. Give v(-71).
26
Let j(r) = -r**3 + 27*r**2 + 88*r + 30. Give j(30).
-30
Let v(y) = -y**3 + 39*y**2 + 119*y - 13. Calculate v(-3).
8
Let g(f) = f**2 - 59*f - 4247. Determine g(-42).
-5
Let v(x) = -x**2 - 31*x - 260. Give v(-19).
-32
Let q(g) = -7*g - 68. Calculate q(-14).
30
Let d(x) = 8*x + 412. Determine d(-20).
252
Let a(v) = -34*v - 3103. Determine a(-91).
-9
Let i(m) = 2*m**2 + 60*m + 243. Calculate i(-5).
-7
Let k(v) = -85*v**2 - 2123*v + 49. Calculate k(-25).
-1
Let f(m) = 1471*m + 217709. Give f(-148).
1
Let w(v) = 2*v**2 - 40*v - 134. Determine w(25).
116
Let s(t) = -4*t**2 + 29*t - 32. Determine s(5).
13
Let a(p) = p**2 - 297*p + 3171. Calculate a(11).
25
Let a(n) = -n**2 + 13*n + 186. Give a(21).
18
Let p(z) = -z**3 - 5*z**2 - 18*z - 29. Determine p(-7).
195
Let r(x) = -x**3 - 24*x**2 - 67*x - 10. Determine r(-3).
2
Let h(w) = 10120*w + 50593. Determine h(-5).
-7
Let h(y) = 30*y**2 - 21*y + 9. Give h(2).
87
Let o(c) = c**3 - 17*c**2 - 11*c - 84. Determine o(18).
42
Let j(x) = -x**2 + 97*x - 1717. Give j(23).
-15
Let x(q) = 148*q - 5968. Determine x(40).
-48
Let b(f) = -128*f**2 + 641*f + 16. Determine b(5).
21
Let p(f) = f**2 + 85*f + 1593. Give p(-55).
-57
Let j(v) = v**2 - 211*v - 5382. What is j(-23)?
0
Let q(j) = j**3 - 12*j**2 + 27*j + 7. What is q(10)?
77
Let y(q) = 314*q - 188. Calculate y(1).
126
Let a(r) = 5*r**3 - 284*r**2 - 58*r + 62. Give a(57).
5
Let r(j) = -j**3 + 31*j**2 + 54*j - 702. Calculate r(32).
2
Let d(p) = -209*p + 1449. Calculate d(7).
-14
Let a(v) = v**2 + 28*v + 170. Calculate a(-14).
-26
Let t(m) = m**2 + 30*m + 209. Calculate t(-12).
-7
Let g(s) = 194*s**3 - 2*s**2 + s + 3. Calculate g(-1).
-194
Let f(n) = -5*n + 29. Calculate f(4).
9
Let o(t) = 2*t**2 - 77*t - 1045. Give o(49).
-16
Let w(q) = -208*q + 19755. Determine w(95).
-5
Let k(x) = 123*x**3 + 3*x**2 - 4*x + 5. Give k(1).
127
Let m(n) = -n**2 - 5*n + 97. Determine m(7).
13
Let n(g) = 38*g + 1765. What is n(-45)?
55
Let i(s) = s**3 + 9*s**2 + 13*s + 7. Calculate i(-3).
22
Let a(y) = 2*y**2 - 102*y - 448. Give a(53).
-236
Let s(t) = t**2 + 52*t + 665. What is s(-28)?
-7
Let f(k) = 3*k**2 - 652*k - 2659. Determine f(-4).
-3
Let b(r) = -7*r - 25. What is b(-12)?
59
Let m(i) = 8*i + 253. Determine m(-33).
-11
Let b(n) = -n**3 - 9*n**2 - 3*n - 22. Calculate b(-8).
-62
Let b(s) = 4*s**2 - 22*s - 67. What is b(8)?
13
Let j(n) = -281*n + 18541. Determine j(66).
-5
Let a(d) = 50*d - 108. Determine a(1).
-58
Let l(u) = 6987*u - 83830. Determine l(12).
14
Let x(w) = -w**2 + 105*w - 632. Give x(6).
-38
Let d(z) = 4*z**2 - 144*z + 738. Calculate d(6).
18
Let o(k) = -4*k**2 - 356*k + 12. Calculate o(-89).
12
Let c(u) = 9*u + 73. Determine c(-8).
1
Let n(u) = -u**3 - 5*u**2 - 10*u - 33. Determine n(0).
-33
Let s(c) = -c**2 + 6*c - 5. Determine s(-6).
-77
Let b(c) = -c**3 - 27*c**2 + 24*c - 93. Calculate b(-28).
19
Let y(h) = h**3 + 55*h**2 + 6*h + 312. Calculate y(-55).
-18
Let v(y) = 122*y + 7725. Determine v(-63).
39
Let z(o) = 2*o**2 - 40*o - 93. Calculate z(20).
-93
Let m(y) = -y**2 + 7*y + 784. What is m(-36)?
-764
Let z(m) = 5*m**3 + m**2 + 79*m + 244. Calculate z(-3).
-119
Let s(a) = -2*a**2 + 5*a + 8. Determine s(-7).
-125
Let d(n) = 94*n + 554. What is d(-6)?
-10
Let j(f) = 31*f**2 + 1433*f